{"id":1779,"date":"2019-03-01T16:42:32","date_gmt":"2019-03-01T15:42:32","guid":{"rendered":"http:\/\/www.asdcastelvecchio.it\/home\/cookie-policy\/"},"modified":"2019-03-01T16:48:27","modified_gmt":"2019-03-01T15:48:27","slug":"cookie-policy","status":"publish","type":"page","link":"http:\/\/www.asdcastelvecchio.it\/home\/cookie-policy\/","title":{"rendered":"Cookie Policy"},"content":{"rendered":"<section id=\"sp-main-body-wrapper\" class=\" \">\n<div class=\"container\">\n<div id=\"main-body\" class=\"row-fluid\">\n<div id=\"sp-message-area\" class=\"span9\">\n<section id=\"sp-component-area-wrapper\" class=\" \">\n<div id=\"component-area\" class=\"row-fluid\">\n<div id=\"sp-component-area\" class=\"span12\">\n<section id=\"sp-component-wrapper\">\n<div id=\"sp-component\">\n<article class=\"item-page post-71 post hentry status-publish category-cookie-policy-templates \">\n<section class=\"entry-content\">\n<div class=\"well well-large\">\n<h2>Cookies<\/h2>\n<p>Per far funzionare bene questo sito, a volte installiamo sul tuo dispositivo dei piccoli file di dati che si chiamano &#8220;cookies&#8221;. Anche la maggior parte dei grandi siti fanno lo stesso.<\/p>\n<h3>Cosa sono i cookies?<\/h3>\n<p>Un cookie \u00e8 un piccolo file di testo che i siti salvano sul tuo computer o dispositivo mobile mentre li visiti. Grazie ai cookies il sito ricorda le tue azioni e preferenze (per es. login, lingua, dimensioni dei caratteri e altre impostazioni di visualizzazione) in modo che tu non debba reinserirle quando torni sul sito o navighi da una pagina all&#8217;altra.<\/p>\n<h3>Come utilizziamo i cookies?<\/h3>\n<div class=\"alert\">\n<p>Il loro scopo e il motivo per cui vengono utilizzati, (ad esempio per ricordare le azioni degli utenti, per identificare l&#8217;utente, per la pubblicit\u00e0 comportamentale online)<br \/>\nse sono essenziali per il sito Web o una data funzionalit\u00e0 per funzionare o se mirano a migliorare le prestazioni del sito web<br \/>\ni tipi di cookie utilizzati (ad esempio sessione o permanente, prima o terza parte)<br \/>\nchi controlla \/ accede alle informazioni relative ai cookie (sito Web o terza parte)<br \/>\nche il cookie non sar\u00e0 utilizzato per scopi diversi da quello dichiarato<br \/>\ncome il consenso pu\u00f2 essere ritirato.<\/p>\n<h3>Esempio:<\/h3>\n<div class=\"alert alert-info\">\n<p>In alcune pagine utilizziamo i cookies per ricordare:<\/p>\n<ul>\n<li>le preferenze di visualizzazione, per es. le impostazioni del contrasto o le dimensioni dei caratteri<\/li>\n<li>se hai gi\u00e0 risposto a un sondaggio pop-up sull&#8217;utilit\u00e0 dei contenuti trovati, per evitare di riproportelo<\/li>\n<li>se hai autorizzato l&#8217;uso dei cookies sul sito.<\/li>\n<\/ul>\n<p>Inoltre, alcuni video inseriti nelle nostre pagine utilizzano un cookie per elaborare statistiche, in modo anonimo, su come sei arrivato sulla pagina e quali video hai visto.<\/p>\n<p>Non \u00e8 necessario abilitare i cookies perch\u00e9 il sito funzioni, ma farlo migliora la navigazione. \u00c8 possibile cancellare o bloccare i cookies, per\u00f2 in questo caso alcune funzioni del sito potrebbero non funzionare correttamente.<\/p>\n<p>Le informazioni riguardanti i cookies non sono utilizzate per identificare gli utenti e i dati di navigazione restano sempre sotto il nostro controllo. Questi cookies servono esclusivamente per i fini qui descritti.<\/p>\n<\/div>\n<\/div>\n<h3>Come controllare i cookies?<\/h3>\n<p>Puoi controllare e\/o verificare i cookies come vuoi \u2013 per saperne di pi\u00f9, vai su\u00a0<a href=\"http:\/\/www.aboutcookies.org\/\">aboutcookies.org<\/a>. Puoi cancellare i cookies gi\u00e0 presenti nel computer e impostare quasi tutti i browser in modo da bloccarne l&#8217;installazione. Se scegli questa opzione, dovrai per\u00f2 modificare manualmente alcune preferenze ogni volta che visiti il sito ed \u00e8 possibile che alcuni servizi o determinate funzioni non siano disponibili.<\/p>\n<\/div>\n<\/section>\n<\/article>\n<\/div>\n<\/section>\n<\/div>\n<\/div>\n<\/section>\n<\/div>\n<\/div>\n<\/div>\n<\/section>\n<footer id=\"sp-footer-wrapper\" class=\" \">\n<div class=\"container\">\n<div id=\"footer\" class=\"row-fluid\">\n<div id=\"sp-footer1\" class=\"span12\">\n<div class=\"custom\">\n<p>Copyright \u00a9 2018 Cookie-Script.com. All Rights Reserved.<\/p>\n<\/div>\n<\/div>\n<\/div>\n<\/div>\n<\/footer>\n","protected":false},"excerpt":{"rendered":"<p>Cookies Per far funzionare bene questo sito, a volte installiamo sul tuo dispositivo dei piccoli file di dati che si chiamano &#8220;cookies&#8221;. Anche la maggior parte dei grandi siti fanno lo stesso. Cosa sono i cookies? Un cookie \u00e8 un piccolo file di testo che i siti salvano sul tuo computer o dispositivo mobile mentre&hellip; <br \/> <a class=\"read-more\" href=\"http:\/\/www.asdcastelvecchio.it\/home\/cookie-policy\/\">Read more<\/a><\/p>\n","protected":false},"author":1,"featured_media":0,"parent":0,"menu_order":0,"comment_status":"closed","ping_status":"closed","template":"","meta":{"footnotes":""},"class_list":["post-1779","page","type-page","status-publish","hentry"],"_links":{"self":[{"href":"http:\/\/www.asdcastelvecchio.it\/home\/wp-json\/wp\/v2\/pages\/1779","targetHints":{"allow":["GET"]}}],"collection":[{"href":"http:\/\/www.asdcastelvecchio.it\/home\/wp-json\/wp\/v2\/pages"}],"about":[{"href":"http:\/\/www.asdcastelvecchio.it\/home\/wp-json\/wp\/v2\/types\/page"}],"author":[{"embeddable":true,"href":"http:\/\/www.asdcastelvecchio.it\/home\/wp-json\/wp\/v2\/users\/1"}],"replies":[{"embeddable":true,"href":"http:\/\/www.asdcastelvecchio.it\/home\/wp-json\/wp\/v2\/comments?post=1779"}],"version-history":[{"count":1,"href":"http:\/\/www.asdcastelvecchio.it\/home\/wp-json\/wp\/v2\/pages\/1779\/revisions"}],"predecessor-version":[{"id":1780,"href":"http:\/\/www.asdcastelvecchio.it\/home\/wp-json\/wp\/v2\/pages\/1779\/revisions\/1780"}],"wp:attachment":[{"href":"http:\/\/www.asdcastelvecchio.it\/home\/wp-json\/wp\/v2\/media?parent=1779"}],"curies":[{"name":"wp","href":"https:\/\/api.w.org\/{rel}","templated":true}]}}